{"id":643,"date":"2023-07-31T16:13:57","date_gmt":"2023-07-31T21:13:57","guid":{"rendered":"http:\/\/institutolosandes.edu.ec\/?page_id=643"},"modified":"2023-10-30T12:45:00","modified_gmt":"2023-10-30T17:45:00","slug":"mision","status":"publish","type":"page","link":"https:\/\/institutolosandes.edu.ec\/index.php\/mision\/","title":{"rendered":"Misi\u00f3n"},"content":{"rendered":"\n<p><\/p>\n\n\n\n<div class=\"wp-block-group alignwide is-layout-constrained wp-block-group-is-layout-constrained\">\n<div class=\"wp-block-media-text alignwide has-media-on-the-right is-stacked-on-mobile is-vertically-aligned-center is-image-fill has-ast-global-color-6-background-color has-background\" style=\"grid-template-columns:auto 46%\"><div class=\"wp-block-media-text__content\">\n<h2 class=\"wp-block-heading has-text-align-left has-text-color\" style=\"color:#2d8e00\"><strong>Misi\u00f3n <\/strong><\/h2>\n\n\n\n<p style=\"font-size:15px\">Instituto Superior Tecnol\u00f3gico \u00abLos Andes\u00bb tiene como misi\u00f3n brindar una educaci\u00f3n superior presencial y en l\u00ednea como innovaci\u00f3n acad\u00e9mica de calidad para el desarrollo personal y profesional del ser humano, fomentando talentos proactivos, visionarios y competentes, que contribuyan al progreso de la sociedad. <\/p>\n<\/div><figure class=\"wp-block-media-text__media\" style=\"background-image:url(http:\/\/institutolosandes.edu.ec\/wp-content\/uploads\/2023\/09\/mision.jpg);background-position:50% 50%\"><img loading=\"lazy\" decoding=\"async\" width=\"4255\" height=\"2837\" src=\"http:\/\/institutolosandes.edu.ec\/wp-content\/uploads\/2023\/09\/mision.jpg\" alt=\"\" class=\"wp-image-2570 size-full\"\/><\/figure><\/div>\n<\/div>\n\n\n\n<div class=\"wp-block-group alignwide is-layout-constrained wp-block-group-is-layout-constrained\" style=\"padding-top:0;padding-bottom:var(--wp--preset--spacing--70)\">\n<div class=\"wp-block-media-text alignwide is-stacked-on-mobile is-image-fill has-ast-global-color-6-background-color has-background\" style=\"grid-template-columns:42% auto\"><figure class=\"wp-block-media-text__media\" style=\"background-image:url(http:\/\/institutolosandes.edu.ec\/wp-content\/uploads\/2023\/09\/vision.jpg);background-position:50% 50%\"><img loading=\"lazy\" decoding=\"async\" width=\"6000\" height=\"4000\" src=\"http:\/\/institutolosandes.edu.ec\/wp-content\/uploads\/2023\/09\/vision.jpg\" alt=\"\" class=\"wp-image-2575 size-full\"\/><\/figure><div class=\"wp-block-media-text__content\">\n<h2 class=\"wp-block-heading has-text-color\" style=\"color:#2d8e00\"><strong>Visi\u00f3n<\/strong><\/h2>\n\n\n\n<p style=\"font-size:15px\">Ser uno de los institutos tecnol\u00f3gicos de educaci\u00f3n superior del Ecuador, reconocido internacionalmente para el a\u00f1o 2025 y l\u00edder en educaci\u00f3n en l\u00ednea contribuyendo al crecimiento econ\u00f3mico del pa\u00eds como al campo de cobertura estudiantil. <\/p>\n<\/div><\/div>\n<\/div>\n","protected":false},"excerpt":{"rendered":"<p>Misi\u00f3n Instituto Superior Tecnol\u00f3gico \u00abLos Andes\u00bb tiene como misi\u00f3n brindar una educaci\u00f3n superior presencial y en l\u00ednea como innovaci\u00f3n acad\u00e9mica de calidad para el desarrollo personal y profesional del ser humano, fomentando talentos proactivos, visionarios y competentes, que contribuyan al progreso de la sociedad. Visi\u00f3n Ser uno de los institutos tecnol\u00f3gicos de educaci\u00f3n superior del &hellip;<\/p>\n<p class=\"read-more\"> <a class=\"\" href=\"https:\/\/institutolosandes.edu.ec\/index.php\/mision\/\"> <span class=\"screen-reader-text\">Misi\u00f3n<\/span> Leer m\u00e1s &raquo;<\/a><\/p>\n","protected":false},"author":1,"featured_media":0,"parent":0,"menu_order":0,"comment_status":"closed","ping_status":"closed","template":"","meta":{"site-sidebar-layout":"no-sidebar","site-content-layout":"plain-container","ast-global-header-display":"","ast-banner-title-visibility":"","ast-main-header-display":"","ast-hfb-above-header-display":"","ast-hfb-below-header-display":"","ast-hfb-mobile-header-display":"","site-post-title":"disabled","ast-breadcrumbs-content":"","ast-featured-img":"","footer-sml-layout":"","theme-transparent-header-meta":"","adv-header-id-meta":"","stick-header-meta":"","header-above-stick-meta":"","header-main-stick-meta":"","header-below-stick-meta":"","footnotes":""},"class_list":["post-643","page","type-page","status-publish","hentry"],"_links":{"self":[{"href":"https:\/\/institutolosandes.edu.ec\/index.php\/wp-json\/wp\/v2\/pages\/643","targetHints":{"allow":["GET"]}}],"collection":[{"href":"https:\/\/institutolosandes.edu.ec\/index.php\/wp-json\/wp\/v2\/pages"}],"about":[{"href":"https:\/\/institutolosandes.edu.ec\/index.php\/wp-json\/wp\/v2\/types\/page"}],"author":[{"embeddable":true,"href":"https:\/\/institutolosandes.edu.ec\/index.php\/wp-json\/wp\/v2\/users\/1"}],"replies":[{"embeddable":true,"href":"https:\/\/institutolosandes.edu.ec\/index.php\/wp-json\/wp\/v2\/comments?post=643"}],"version-history":[{"count":10,"href":"https:\/\/institutolosandes.edu.ec\/index.php\/wp-json\/wp\/v2\/pages\/643\/revisions"}],"predecessor-version":[{"id":2724,"href":"https:\/\/institutolosandes.edu.ec\/index.php\/wp-json\/wp\/v2\/pages\/643\/revisions\/2724"}],"wp:attachment":[{"href":"https:\/\/institutolosandes.edu.ec\/index.php\/wp-json\/wp\/v2\/media?parent=643"}],"curies":[{"name":"wp","href":"https:\/\/api.w.org\/{rel}","templated":true}]}}