{"id":570,"date":"2023-07-31T10:56:43","date_gmt":"2023-07-31T15:56:43","guid":{"rendered":"http:\/\/institutolosandes.edu.ec\/?page_id=570"},"modified":"2025-10-27T16:42:08","modified_gmt":"2025-10-27T21:42:08","slug":"audiovisual-4","status":"publish","type":"page","link":"https:\/\/institutolosandes.edu.ec\/index.php\/audiovisual-4\/","title":{"rendered":"Audiovisual"},"content":{"rendered":"\n<div class=\"wp-block-columns alignwide are-vertically-aligned-top has-medium-font-size is-layout-flex wp-container-core-columns-is-layout-84ff12d0 wp-block-columns-is-layout-flex\" style=\"padding-top:2rem;padding-right:0rem;padding-bottom:0rem;padding-left:0rem\">\n<div class=\"wp-block-column is-vertically-aligned-top is-layout-flow wp-block-column-is-layout-flow\">\n<div class=\"wp-block-columns is-layout-flex wp-container-core-columns-is-layout-28f84493 wp-block-columns-is-layout-flex\">\n<div class=\"wp-block-column is-layout-flow wp-block-column-is-layout-flow\" style=\"flex-basis:33.33%\">\n<figure class=\"wp-block-image alignright size-full is-resized wp-duotone-rgba000058-rgb255255255-1\"><img loading=\"lazy\" decoding=\"async\" width=\"3076\" height=\"2770\" src=\"http:\/\/institutolosandes.edu.ec\/wp-content\/uploads\/2023\/07\/DIPLOMA.png\" alt=\"\" class=\"wp-image-499\" style=\"width:109px;height:98px\"\/><\/figure>\n<\/div>\n\n\n\n<div class=\"wp-block-column is-layout-flow wp-block-column-is-layout-flow\" style=\"flex-basis:66.66%\">\n<h3 class=\"wp-block-heading\">T\u00edtulo a Obtener: <\/h3>\n\n\n\n<p><strong>Tecn\u00f3logo\/a Superior en Audiovisual <\/strong><\/p>\n<\/div>\n<\/div>\n<\/div>\n\n\n\n<div class=\"wp-block-column is-vertically-aligned-top is-layout-flow wp-block-column-is-layout-flow\">\n<div class=\"wp-block-columns is-layout-flex wp-container-core-columns-is-layout-28f84493 wp-block-columns-is-layout-flex\">\n<div class=\"wp-block-column is-layout-flow wp-block-column-is-layout-flow\" style=\"flex-basis:33.33%\">\n<figure class=\"wp-block-image alignright size-full is-resized wp-duotone-rgba515151044-rgb255255255-2\"><img loading=\"lazy\" decoding=\"async\" width=\"3143\" height=\"2312\" src=\"http:\/\/institutolosandes.edu.ec\/wp-content\/uploads\/2023\/07\/COMPU.png\" alt=\"\" class=\"wp-image-596\" style=\"width:undefinedpx;height:90px\"\/><\/figure>\n<\/div>\n\n\n\n<div class=\"wp-block-column is-layout-flow wp-block-column-is-layout-flow\" style=\"flex-basis:66.66%\">\n<h3 class=\"wp-block-heading\">Modalidad: <\/h3>\n\n\n\n<p><strong>Presencial \/ En L\u00ednea<\/strong><\/p>\n<\/div>\n<\/div>\n<\/div>\n\n\n\n<div class=\"wp-block-column is-vertically-aligned-top is-layout-flow wp-block-column-is-layout-flow\">\n<div class=\"wp-block-columns is-layout-flex wp-container-core-columns-is-layout-28f84493 wp-block-columns-is-layout-flex\">\n<div class=\"wp-block-column is-layout-flow wp-block-column-is-layout-flow\" style=\"flex-basis:33.33%\">\n<figure class=\"wp-block-image alignright size-full is-resized wp-duotone-rgba515151044-rgb255255255-3\"><img loading=\"lazy\" decoding=\"async\" width=\"1690\" height=\"2548\" src=\"http:\/\/institutolosandes.edu.ec\/wp-content\/uploads\/2023\/07\/RELOJ.png\" alt=\"\" class=\"wp-image-595\" style=\"width:66px;height:98px\"\/><\/figure>\n<\/div>\n\n\n\n<div class=\"wp-block-column is-layout-flow wp-block-column-is-layout-flow\" style=\"flex-basis:66.66%\">\n<h3 class=\"wp-block-heading\">Duraci\u00f3n: <\/h3>\n\n\n\n<p><strong>2 a\u00f1os y medio<\/strong><\/p>\n<\/div>\n<\/div>\n<\/div>\n<\/div>\n\n\n\n<div class=\"wp-block-columns alignwide is-layout-flex wp-container-core-columns-is-layout-0d407f27 wp-block-columns-is-layout-flex\" style=\"padding-top:0;padding-bottom:40px\">\n<div class=\"wp-block-column is-layout-flow wp-block-column-is-layout-flow\">\n<div class=\"wp-block-media-text has-media-on-the-right is-stacked-on-mobile is-vertically-aligned-center\" style=\"padding-top:0;padding-bottom:0\"><div class=\"wp-block-media-text__content\">\n<p><\/p>\n\n\n\n<h3 class=\"wp-block-heading has-text-color\" style=\"color:#2d8e00\"><strong>Descripci\u00f3n<\/strong><\/h3>\n\n\n\n<p style=\"font-size:15px\">La Carrera de Tecnolog\u00eda Audiovisual es una emocionante formaci\u00f3n que combina creatividad y habilidades t\u00e9cnicas para producir contenido audiovisual de alta calidad. Durante este programa acad\u00e9mico, los estudiantes adquieren conocimientos en \u00e1reas como producci\u00f3n audiovisual, dise\u00f1o gr\u00e1fico, edici\u00f3n de video, animaci\u00f3n, sonido y tecnolog\u00edas multimedia.<\/p>\n\n\n\n<p style=\"font-size:15px\">Los estudiantes aprender\u00e1n a utilizar equipos y software especializados para capturar, editar y mejorar im\u00e1genes y sonidos, as\u00ed como a crear producciones multimedia innovadoras. Adem\u00e1s, explorar\u00e1n conceptos te\u00f3ricos y est\u00e9ticos relacionados con la comunicaci\u00f3n visual y narrativa, lo que les permitir\u00e1 contar historias de manera efectiva a trav\u00e9s de medios audiovisuales.<\/p>\n\n\n\n<p style=\"font-size:15px\">Correo de Secretaria: secretaria@institutolosandes.edu.ec<\/p>\n<\/div><figure class=\"wp-block-media-text__media\"><img loading=\"lazy\" decoding=\"async\" width=\"1438\" height=\"960\" src=\"http:\/\/institutolosandes.edu.ec\/wp-content\/uploads\/2023\/07\/AUDIOVISUAL.jpg\" alt=\"\" class=\"wp-image-507 size-full\"\/><\/figure><\/div>\n<\/div>\n<\/div>\n\n\n\n<div class=\"wp-block-columns alignwide has-text-color is-layout-flex wp-container-core-columns-is-layout-0d407f27 wp-block-columns-is-layout-flex\" style=\"color:#00008c;padding-top:0;padding-bottom:40px\">\n<div class=\"wp-block-column has-text-color has-background is-layout-flow wp-block-column-is-layout-flow\" style=\"color:#00008c;background-color:#faf7ff7d\">\n<div class=\"inherit-container-width wp-block-group is-layout-constrained wp-block-group-is-layout-constrained\">\n<div class=\"inherit-container-width wp-block-group is-layout-constrained wp-block-group-is-layout-constrained\">\n<h3 class=\"wp-block-heading has-text-color\" style=\"color:#2d8e00\"><strong>PERFIL DE INGRESO<\/strong><\/h3>\n\n\n\n<div class=\"inherit-container-width wp-block-group has-ast-global-color-0-color has-text-color is-layout-constrained wp-block-group-is-layout-constrained\">\n<div class=\"inherit-container-width wp-block-group alignfull is-layout-constrained wp-block-group-is-layout-constrained\">\n<div class=\"inherit-container-width wp-block-group is-layout-constrained wp-block-group-is-layout-constrained\">\n<ul class=\"wp-block-list\">\n<li style=\"font-size:15px\">Conocimientos b\u00e1sicos en ingl\u00e9s y computaci\u00f3n.<\/li>\n\n\n\n<li style=\"font-size:15px\">Actitudes para crear e innovar.<\/li>\n\n\n\n<li style=\"font-size:15px\">Capacidad para tomar decisiones.<\/li>\n\n\n\n<li style=\"font-size:15px\">Trabajo en equipo.<\/li>\n\n\n\n<li style=\"font-size:15px\">Disponibilidad para una buena organizaci\u00f3n.<\/li>\n\n\n\n<li style=\"font-size:15px\">Capacidad de liderazgo.<\/li>\n\n\n\n<li style=\"font-size:15px\">Habilidades para buscar, procesar y analizar informaci\u00f3n procedente de fuentes diversas.<\/li>\n\n\n\n<li style=\"font-size:15px\">Capacidad de comunicaci\u00f3n oral y escrita.<\/li>\n<\/ul>\n<\/div>\n<\/div>\n<\/div>\n<\/div>\n<\/div>\n\n\n\n<ul class=\"wp-block-list\">\n<li><\/li>\n<\/ul>\n<\/div>\n\n\n\n<div class=\"wp-block-column is-layout-flow wp-block-column-is-layout-flow\">\n<h3 class=\"wp-block-heading has-text-color\" style=\"color:#2d8e00\"><strong>CAMPO OCUPACIONAL<\/strong><\/h3>\n\n\n\n<p style=\"font-size:15px\">\u2022 Crea contenidos period\u00edsticos de gran inter\u00e9s a la colectividad, con base en la formaci\u00f3n \u00e9tica y responsabilidad social en el ejercicio<br>comunicacional.<br>\u2022 Trata, gestiona y edita todo tipo de contenidos por medio de sistemas digitales: audio, video o im\u00e1genes.<br>\u2022 Desempe\u00f1a tareas como: redactor, reportero, presentadora, productor, director, incluyendo el dise\u00f1o, la escritura y la ejecuci\u00f3n de<br>guiones de reportajes y documentales audiovisuales o multimedia.<br>\u2022 Dirige y gestiona una empresa de producci\u00f3n audiovisual, como consultor e investigador de empresas, y mercados audiovisuales.<\/p>\n<\/div>\n<\/div>\n\n\n\n<div class=\"wp-block-media-text is-stacked-on-mobile\" style=\"padding-top:0;padding-bottom:40px;grid-template-columns:51% auto\"><figure class=\"wp-block-media-text__media\"><img loading=\"lazy\" decoding=\"async\" width=\"5320\" height=\"3547\" src=\"http:\/\/institutolosandes.edu.ec\/wp-content\/uploads\/2023\/07\/AUDIOVISUAL-2.jpg\" alt=\"\" class=\"wp-image-550 size-full\"\/><\/figure><div class=\"wp-block-media-text__content\">\n<h3 class=\"wp-block-heading has-text-color\" style=\"color:#2d8e00\"><strong>PERFIL DE EGRESO<\/strong><\/h3>\n\n\n\n<p class=\"has-text-color has-background\" style=\"color:#00008c;background-color:#faf7ff7d;font-size:15px\">\u2022 Conoce y dise\u00f1a proyectos audiovisuales para la soluci\u00f3n de problemas comunicacionales.<br>\u2022 Conoce, dise\u00f1a y maneja la identidad corporativa audiovisual de una empresa, producto, marca o servicio.<br>\u2022 Desarrolla propuestas est\u00e9ticas y estructuradas narrativa de un proyecto audiovisual.<br>\u2022 Desarrolla, coordina y eval\u00faa trabajos audiovisuales.<br>\u2022 Elabora proyectos audiovisuales viables a partir de estudios de mercado<\/p>\n\n\n\n<p><\/p>\n<\/div><\/div>\n\n\n\n<div class=\"wp-block-media-text has-media-on-the-right is-stacked-on-mobile\" style=\"padding-top:0px;padding-bottom:40px\"><div class=\"wp-block-media-text__content\">\n<h3 class=\"wp-block-heading has-text-color\" style=\"color:#2d8e00\"><strong>L\u00cdNEAS DE INVESTIGACI\u00d3N<\/strong><\/h3>\n\n\n\n<ol class=\"wp-block-list\">\n<li style=\"font-size:15px\">Tendencias en la Industria Audiovisual y el Impacto del Streaming&nbsp; \n<ul class=\"wp-block-list\">\n<li style=\"font-size:15px\">Cambios en los modelos de negocio de la industria del cine y la televisi\u00f3n debido a plataformas como Netflix, Disney+ y Amazon Prime.&nbsp; <\/li>\n\n\n\n<li style=\"font-size:15px\">Impacto del streaming en la producci\u00f3n&nbsp; la producci\u00f3n y distribuci\u00f3n de contenido&nbsp; independiente.&nbsp; <\/li>\n\n\n\n<li style=\"font-size:15px\">An\u00e1lisis del comportamiento de la audiencia y la personalizaci\u00f3n de contenidos a&nbsp; trav\u00e9s de algoritmos.&nbsp; <\/li>\n\n\n\n<li style=\"font-size:15px\">Adaptaci\u00f3n del cine y la televisi\u00f3n tradicional al modelo de distribuci\u00f3n digital.&nbsp; <\/li>\n<\/ul>\n<\/li>\n\n\n\n<li style=\"font-size:15px\">Postproducci\u00f3n y Efectos Especiales en la Percepci\u00f3n del Espectador&nbsp; \n<ul class=\"wp-block-list\">\n<li style=\"font-size:15px\">Evaluaci\u00f3n del impacto de CGI y efectos visuales en la inmersi\u00f3n del espectador.&nbsp; <\/li>\n\n\n\n<li style=\"font-size:15px\">Innovaciones en edici\u00f3n de video y efectos digitales para producciones&nbsp; cinematogr\u00e1ficas.&nbsp; <\/li>\n\n\n\n<li style=\"font-size:15px\">Comparaci\u00f3n entre t\u00e9cnicas tradicionales y modernas de postproducci\u00f3n en&nbsp; t\u00e9rminos de costos y eficacia.&nbsp; <\/li>\n\n\n\n<li style=\"font-size:15px\">Estudio del impacto de la calidad visual y auditiva en la recepci\u00f3n del p\u00fablico.&nbsp; <\/li>\n<\/ul>\n<\/li>\n\n\n\n<li style=\"font-size:15px\">Tecnolog\u00eda Audiovisual para la Divulgaci\u00f3n Cient\u00edfica&nbsp;\n<ul class=\"wp-block-list\">\n<li style=\"font-size:15px\"> Desarrollo de documentales cient\u00edficos y educativos con alto impacto en la&nbsp; audiencia.&nbsp; <\/li>\n\n\n\n<li style=\"font-size:15px\">Uso de realidad aumentada y virtual en la comunicaci\u00f3n de temas cient\u00edficos.&nbsp;<\/li>\n\n\n\n<li style=\"font-size:15px\">Evaluaci\u00f3n del impacto de contenido audiovisual en la comprensi\u00f3n de conceptos&nbsp; complejos.&nbsp; <\/li>\n\n\n\n<li style=\"font-size:15px\">An\u00e1lisis de estrategias de storytelling en la divulgaci\u00f3n cient\u00edfica a trav\u00e9s de&nbsp; medios digitales.&nbsp; <\/li>\n<\/ul>\n<\/li>\n\n\n\n<li style=\"font-size:15px\">Evoluci\u00f3n de las T\u00e9cnicas y Formatos de Grabaci\u00f3n en la Producci\u00f3n Musical&nbsp; \n<ul class=\"wp-block-list\">\n<li style=\"font-size:15px\">Transformaci\u00f3n de la producci\u00f3n musical con el uso de nuevas tecnolog\u00edas de&nbsp; grabaci\u00f3n.&nbsp; <\/li>\n\n\n\n<li style=\"font-size:15px\">Impacto de la digitalizaci\u00f3n y la inteligencia artificial en la producci\u00f3n y mezcla&nbsp; de audio.&nbsp; <\/li>\n\n\n\n<li style=\"font-size:15px\">Evaluaci\u00f3n de la percepci\u00f3n del oyente en relaci\u00f3n con la calidad del audio en&nbsp; diferentes formatos.&nbsp; <\/li>\n\n\n\n<li style=\"font-size:15px\">Innovaciones en grabaci\u00f3n de conciertos en vivo y experiencias inmersivas en la\u00a0 m\u00fasica.\u00a0<\/li>\n<\/ul>\n<\/li>\n<\/ol>\n<\/div><figure class=\"wp-block-media-text__media\"><img loading=\"lazy\" decoding=\"async\" width=\"6364\" height=\"4243\" src=\"http:\/\/institutolosandes.edu.ec\/wp-content\/uploads\/2023\/07\/AUDIOVISUAL-3.jpg\" alt=\"\" class=\"wp-image-552 size-full\"\/><\/figure><\/div>\n\n\n\n<div class=\"inherit-container-width wp-block-group is-layout-constrained wp-block-group-is-layout-constrained\" style=\"padding-top:0;padding-bottom:0\">\n<!DOCTYPE html>\n<html>\n<head>\n    <title>Bot\u00f3n de Despliegue de Imagen<\/title>\n    <style>\n        \/* Estilos para el bot\u00f3n *\/\n        .botonDespliegue {\n background-color: #00008c;\n            color: white;\n            border: none;\n            padding: 10px 20px;\n            margin: 5px;\n            font-size: 16px;\n            cursor: pointer;\n            width: 500px;\n            border-radius: 2px;\n            cursor: pointer;\n        }\n\n        \/* Estilos para la imagen desplegada *\/\n        .imagenDesplegada {\n            display: none;\n            position: fixed;\n            top: 100px;\n            left: 250px;\n            width: 1000px;\n            height: auto;\n            background-color: rgba(0, 0, 0, 0.4); \/* Fondo semitransparente *\/\n            z-index: 999; \/* Coloca la imagen encima de todo *\/\n            align-items: center;\n            justify-content: center;\n        }\n\n        \/* Estilos para el bot\u00f3n de cierre de la imagen *\/\n        .cerrarImagen {\n            position: absolute;\n            top: 20px;\n            right: 20px;\n            color: white;\n            font-size: 20px;\n            cursor: pointer;\n        }\n    <\/style>\n<\/head>\n<body>\n    <button class=\"botonDespliegue\" onclick=\"mostrarImagen('http:\/\/institutolosandes.edu.ec\/wp-content\/uploads\/2023\/09\/req.png')\">\n        <input type=\"image\" src=\"http:\/\/institutolosandes.edu.ec\/wp-content\/uploads\/2023\/09\/documento.png\" alt=\"Bot\u00f3n de Imagen\" width=\"80\" height=\"80\">Requisitos<\/button>\n    <button class=\"botonDespliegue\" onclick=\"mostrarImagen('https:\/\/institutolosandes.edu.ec\/wp-content\/uploads\/2024\/03\/Costos.png')\">\n        <input type=\"image\" src=\"http:\/\/institutolosandes.edu.ec\/wp-content\/uploads\/2023\/09\/financiamiento.png\" alt=\"Bot\u00f3n de Imagen\" width=\"80\" height=\"80\">Inversi\u00f3n<\/button>\n\n    <div class=\"imagenDesplegada\" id=\"imagenDesplegada\">\n        <span class=\"cerrarImagen\" onclick=\"ocultarImagen()\">&times;<\/span>\n        <img decoding=\"async\" src=\"\" alt=\"Imagen Desplegada\" id=\"imagenAmpliada\">\n    <\/div>\n\n    <script>\n        function mostrarImagen(imageUrl) {\n            var imagenDesplegada = document.getElementById(\"imagenDesplegada\");\n            var imagenAmpliada = document.getElementById(\"imagenAmpliada\");\n            imagenAmpliada.src = imageUrl;\n            imagenDesplegada.style.display = \"block\";\n        }\n\n        function ocultarImagen() {\n            var imagenDesplegada = document.getElementById(\"imagenDesplegada\");\n            imagenDesplegada.style.display = \"none\";\n        }\n    <\/script>\n<\/body>\n<\/html>\n<\/div>\n\n\n\n<div class=\"wp-block-columns is-layout-flex wp-container-core-columns-is-layout-55d7b621 wp-block-columns-is-layout-flex\" style=\"padding-top:var(--wp--preset--spacing--50);padding-right:var(--wp--preset--spacing--20);padding-bottom:var(--wp--preset--spacing--50);padding-left:var(--wp--preset--spacing--20)\">\n<div class=\"wp-block-column is-layout-flow wp-block-column-is-layout-flow\" style=\"flex-basis:50%\">\n<!-- UberMenu [Configuration:menu_audiovisual] [Theme Loc:] [Integration:api] -->\n<button class=\"ubermenu-responsive-toggle ubermenu-responsive-toggle-menu_audiovisual ubermenu-skin-blue-silver ubermenu-loc- ubermenu-responsive-toggle-content-align-left ubermenu-responsive-toggle-align-full \" tabindex=\"0\" data-ubermenu-target=\"ubermenu-menu_audiovisual-12\"><i class=\"fas fa-bars\" ><\/i>Menu<\/button><nav id=\"ubermenu-menu_audiovisual-12\" class=\"ubermenu ubermenu-nojs ubermenu-menu_audiovisual ubermenu-menu-12 ubermenu-responsive ubermenu-responsive-default ubermenu-responsive-collapse ubermenu-vertical ubermenu-transition-shift ubermenu-trigger-hover_intent ubermenu-skin-blue-silver ubermenu-has-border ubermenu-bar-align-left ubermenu-items-align-auto ubermenu-bound ubermenu-disable-submenu-scroll ubermenu-sub-indicators ubermenu-retractors-responsive ubermenu-submenu-indicator-closes\"><ul id=\"ubermenu-nav-menu_audiovisual-12\" class=\"ubermenu-nav\" data-title=\"Audiovisual\"><li id=\"menu-item-356\" class=\"ubermenu-item ubermenu-item-type-custom ubermenu-item-object-custom ubermenu-item-has-children ubermenu-item-356 ubermenu-item-level-0 ubermenu-column ubermenu-column-auto ubermenu-has-submenu-drop ubermenu-has-submenu-mega\" ><a class=\"ubermenu-target menu-link ubermenu-item-layout-default ubermenu-item-layout-text_only\" href=\"#aproces\" tabindex=\"0\"><span class=\"ubermenu-target-title ubermenu-target-text\">Aprobaci\u00f3n de CES<\/span><i class='ubermenu-sub-indicator fas fa-angle-down'><\/i><\/a><ul  class=\"ubermenu-submenu ubermenu-submenu-id-356 ubermenu-submenu-type-auto ubermenu-submenu-type-mega ubermenu-submenu-drop ubermenu-submenu-align-full_width\"  ><li id=\"menu-item-357\" class=\"ubermenu-item ubermenu-item-type-custom ubermenu-item-object-custom ubermenu-item-357 ubermenu-item-auto ubermenu-item-header ubermenu-item-level-1 ubermenu-column ubermenu-column-auto\" ><a class=\"ubermenu-target menu-link ubermenu-item-layout-default ubermenu-item-layout-text_only\" href=\"#resol\"><span class=\"ubermenu-target-title ubermenu-target-text\">Resoluci\u00f3n: RPC-SO-13-No.251-2020<\/span><\/a><\/li><li id=\"menu-item-358\" class=\"ubermenu-item ubermenu-item-type-custom ubermenu-item-object-custom ubermenu-item-358 ubermenu-item-auto ubermenu-item-header ubermenu-item-level-1 ubermenu-column ubermenu-column-auto\" ><a class=\"ubermenu-target menu-link ubermenu-item-layout-default ubermenu-item-layout-text_only\" href=\"#aproba\"><span class=\"ubermenu-target-title ubermenu-target-text\">Fecha de aprobaci\u00f3n CES: 20\/05\/2020<\/span><\/a><\/li><\/ul><\/li><li id=\"menu-item-362\" class=\"ubermenu-item ubermenu-item-type-custom ubermenu-item-object-custom ubermenu-item-has-children ubermenu-item-362 ubermenu-item-level-0 ubermenu-column ubermenu-column-auto ubermenu-has-submenu-drop ubermenu-has-submenu-mega\" ><a class=\"ubermenu-target menu-link ubermenu-item-layout-default ubermenu-item-layout-text_only\" href=\"#campcono\" tabindex=\"0\"><span class=\"ubermenu-target-title ubermenu-target-text\">Campos de Conocimiento<\/span><i class='ubermenu-sub-indicator fas fa-angle-down'><\/i><\/a><ul  class=\"ubermenu-submenu ubermenu-submenu-id-362 ubermenu-submenu-type-auto ubermenu-submenu-type-mega ubermenu-submenu-drop ubermenu-submenu-align-full_width\"  ><li id=\"menu-item-363\" class=\"ubermenu-item ubermenu-item-type-custom ubermenu-item-object-custom ubermenu-item-363 ubermenu-item-auto ubermenu-item-header ubermenu-item-level-1 ubermenu-column ubermenu-column-auto\" ><a class=\"ubermenu-target menu-link ubermenu-item-layout-default ubermenu-item-layout-text_only\" href=\"#campampl\"><span class=\"ubermenu-target-title ubermenu-target-text\">Campo amplio: Artes y humanidades<\/span><\/a><\/li><li id=\"menu-item-364\" class=\"ubermenu-item ubermenu-item-type-custom ubermenu-item-object-custom ubermenu-item-364 ubermenu-item-auto ubermenu-item-header ubermenu-item-level-1 ubermenu-column ubermenu-column-auto\" ><a class=\"ubermenu-target menu-link ubermenu-item-layout-default ubermenu-item-layout-text_only\" href=\"#campespec\"><span class=\"ubermenu-target-title ubermenu-target-text\">Campo espec\u00edfico: Artes<\/span><\/a><\/li><li id=\"menu-item-365\" class=\"ubermenu-item ubermenu-item-type-custom ubermenu-item-object-custom ubermenu-item-365 ubermenu-item-auto ubermenu-item-header ubermenu-item-level-1 ubermenu-column ubermenu-column-auto\" ><a class=\"ubermenu-target menu-link ubermenu-item-layout-default ubermenu-item-layout-text_only\" href=\"#campdeta\"><span class=\"ubermenu-target-title ubermenu-target-text\">Campo detallado: T\u00e9cnicas audiovisuales y producci\u00f3n para medios de comunicaci\u00f3n<\/span><\/a><\/li><\/ul><\/li><li id=\"menu-item-345\" class=\"ubermenu-item ubermenu-item-type-custom ubermenu-item-object-custom ubermenu-item-has-children ubermenu-item-345 ubermenu-item-level-0 ubermenu-column ubermenu-column-auto ubermenu-has-submenu-drop ubermenu-has-submenu-mega\" ><a class=\"ubermenu-target menu-link ubermenu-item-layout-default ubermenu-item-layout-text_only\" href=\"#malla\" tabindex=\"0\"><span class=\"ubermenu-target-title ubermenu-target-text\">Malla Curricular<\/span><i class='ubermenu-sub-indicator fas fa-angle-down'><\/i><\/a><ul  class=\"ubermenu-submenu ubermenu-submenu-id-345 ubermenu-submenu-type-auto ubermenu-submenu-type-mega ubermenu-submenu-drop ubermenu-submenu-align-full_width\"  ><li id=\"menu-item-346\" class=\"ubermenu-item ubermenu-item-type-custom ubermenu-item-object-custom ubermenu-item-346 ubermenu-item-auto ubermenu-item-header ubermenu-item-level-1 ubermenu-column ubermenu-column-auto\" ><a class=\"ubermenu-target menu-link ubermenu-item-layout-default ubermenu-item-layout-text_only\" href=\"http:\/\/institutolosandes.edu.ec\/wp-content\/uploads\/2023\/10\/OFERTA-ACADEMICA-AUDIOVISUAL.pdf\"><span class=\"ubermenu-target-title ubermenu-target-text\">Descargar<\/span><\/a><\/li><\/ul><\/li><\/ul><\/nav>\n<!-- End UberMenu -->\n\n<\/div>\n\n\n\n<div class=\"wp-block-column is-layout-flow wp-block-column-is-layout-flow\" style=\"flex-basis:50%\">\n<!DOCTYPE html>\n<html>\n<head>\n    <title>Lista de Botones<\/title>\n    <style>\n        \/* Estilos para los botones *\/\n        .country-button {\n            background-color: #2d8e00;\n            color: white;\n            border: none;\n            width: 240px;\n            padding: 10px 20px;\n            margin: 5px;\n            font-size: 16px;\n            cursor: pointer;\n            border-radius: 2px;\n            \n            font-family: Poppins, Nexa;\n            transition: transform 0.3s, font-weight 0.3s; \/* Agregamos una transici\u00f3n suave a la propiedad font-weight *\/\n        }\n\n        \/* Efecto de zoom al pasar el cursor por encima *\/\n        .country-button:hover {\n            transform: scale(1.1); \/* Aumentamos el tama\u00f1o del bot\u00f3n en un 10% *\/\n            font-weight: bolder; \/* Cambiamos el peso de la letra a negrita *\/\n        }\n\n        \/* Estilos para la lista de pa\u00edses *\/\n        .country-list {\n            position: fixed;\n            bottom: 120px;\n            right: 20px;\n            list-style: none;\n            padding: 0;\n            margin: 0;\n                \n        }\n    <\/style>\n<\/head>\n<body>\n    \n    <ul class=\"country-list\">\n        <li><a href=\"https:\/\/api.whatsapp.com\/send\/?phone=593984344331&#038;text&#038;type=phone_number&#038;app_absent=0&#038;text=Quiero%20postularme%20a%20la%20carrera%20de%20Audiovisual.%20%C2%BFQu%C3%A9%20necesito?\"><button class=\"country-button\">Incr\u00edbete Aqui<\/button><\/a><\/li>\n        <li><a href=\"http:\/\/institutolosandes.edu.ec\/index.php\/homologacion\/\"><button class=\"country-button\">Plan de Homologaci\u00f3n<\/button><\/a><\/li>\n        <li><a href=\"http:\/\/institutolosandes.edu.ec\/index.php\/becas\/\"><button class=\"country-button\">Postula a una Beca<\/button><\/a><\/li>\n    <\/ul>\n<\/body>\n<\/html>\n<\/div>\n<\/div>\n","protected":false},"excerpt":{"rendered":"<p>T\u00edtulo a Obtener: Tecn\u00f3logo\/a Superior en Audiovisual Modalidad: Presencial \/ En L\u00ednea Duraci\u00f3n: 2 a\u00f1os y medio Descripci\u00f3n La Carrera de Tecnolog\u00eda Audiovisual es una emocionante formaci\u00f3n que combina creatividad y habilidades t\u00e9cnicas para producir contenido audiovisual de alta calidad. Durante este programa acad\u00e9mico, los estudiantes adquieren conocimientos en \u00e1reas como producci\u00f3n audiovisual, dise\u00f1o gr\u00e1fico, &hellip;<\/p>\n<p class=\"read-more\"> <a class=\"\" href=\"https:\/\/institutolosandes.edu.ec\/index.php\/audiovisual-4\/\"> <span class=\"screen-reader-text\">Audiovisual<\/span> Leer m\u00e1s &raquo;<\/a><\/p>\n","protected":false},"author":1,"featured_media":0,"parent":0,"menu_order":0,"comment_status":"closed","ping_status":"closed","template":"","meta":{"site-sidebar-layout":"no-sidebar","site-content-layout":"plain-container","ast-global-header-display":"disabled","ast-banner-title-visibility":"disabled","ast-main-header-display":"","ast-hfb-above-header-display":"","ast-hfb-below-header-display":"","ast-hfb-mobile-header-display":"","site-post-title":"disabled","ast-breadcrumbs-content":"","ast-featured-img":"disabled","footer-sml-layout":"","theme-transparent-header-meta":"","adv-header-id-meta":"","stick-header-meta":"","header-above-stick-meta":"","header-main-stick-meta":"","header-below-stick-meta":"","footnotes":""},"class_list":["post-570","page","type-page","status-publish","hentry"],"_links":{"self":[{"href":"https:\/\/institutolosandes.edu.ec\/index.php\/wp-json\/wp\/v2\/pages\/570","targetHints":{"allow":["GET"]}}],"collection":[{"href":"https:\/\/institutolosandes.edu.ec\/index.php\/wp-json\/wp\/v2\/pages"}],"about":[{"href":"https:\/\/institutolosandes.edu.ec\/index.php\/wp-json\/wp\/v2\/types\/page"}],"author":[{"embeddable":true,"href":"https:\/\/institutolosandes.edu.ec\/index.php\/wp-json\/wp\/v2\/users\/1"}],"replies":[{"embeddable":true,"href":"https:\/\/institutolosandes.edu.ec\/index.php\/wp-json\/wp\/v2\/comments?post=570"}],"version-history":[{"count":47,"href":"https:\/\/institutolosandes.edu.ec\/index.php\/wp-json\/wp\/v2\/pages\/570\/revisions"}],"predecessor-version":[{"id":3414,"href":"https:\/\/institutolosandes.edu.ec\/index.php\/wp-json\/wp\/v2\/pages\/570\/revisions\/3414"}],"wp:attachment":[{"href":"https:\/\/institutolosandes.edu.ec\/index.php\/wp-json\/wp\/v2\/media?parent=570"}],"curies":[{"name":"wp","href":"https:\/\/api.w.org\/{rel}","templated":true}]}}